-243)?
127
Let w(q) = -q**3 + 113*q**2 - 516*q - 13498. Calculate w(107).
-16
Let f(y) = -24749*y - 173239. Calculate f(-7).
4
Let f(y) = 148*y**2 + 629*y + 677. Give f(-2).
11
Let b(u) = -16885*u - 101315. Determine b(-6).
-5
Let k(s) = 2*s**2 - 536*s - 337344. Determine k(-298).
-8
Let f(q) = -q**2 + 289*q - 6327. Determine f(24).
33
Let q(f) = -3655*f - 3579. Determine q(-1).
76
Let j(l) = 15976*l - 31976. Determine j(2).
-24
Let x(i) = -i**2 - 5574*i - 111071. Determine x(-20).
9
Let j(w) = 7*w**2 + 713*w + 1334. Calculate j(-100).
34
Let w(x) = 665*x - 301914. Calculate w(454).
-4
Let b(t) = -t**3 + 27*t**2 - 52*t - 2. Determine b(3).
58
Let t(n) = -n**3 + 381*n + 392. Determine t(-19).
12
Let d(s) = -5627*s + 129453. Give d(23).
32
Let r(n) = -1886*n - 282891. Determine r(-150).
9
Let m(z) = 158*z + 19270. Give m(-122).
-6
Let v(l) = -6*l**3 + 535*l**2 - 1117*l + 3. Calculate v(87).
1221
Let q(p) = -742*p + 591. Give q(5).
-3119
Let p(l) = 31*l**2 - 3723*l - 27572. Calculate p(-7).
8
Let k(d) = -3613*d - 36447. Determine k(-11).
3296
Let g(n) = -50*n**2 - 1013*n + 755. Give g(-21).
-22
Let q(c) = -6329*c + 126605. What is q(20)?
25
Let s(m) = -31714*m + 729583. Determine s(23).
161
Let s(v) = 2*v**2 + 11574*v - 150797. Give s(13).
3
Let p(r) = 228*r + 183. What is p(-2)?
-273
Let d(j) = j**3 - 31*j**2 - 1937*j - 39398. Determine d(68).
-26
Let q(i) = -589*i - 48202. What is q(-82)?
96
Let i(n) = -1227*n + 148420. Give i(121).
-47
Let n(t) = 4988*t + 5212456. Calculate n(-1045).
-4
Let d(m) = -m**2 - 901*m - 23534. Determine d(-27).
64
Let p(a) = 417*a + 1277. Determine p(-3).
26
Let z(q) = -3776*q - 26407. Calculate z(-7).
25
Let p(l) = 5*l**2 + 668*l + 24. Calculate p(-133).
-375
Let t(q) = -q**3 + 126*q**2 + 137*q - 1032. Give t(127).
238
Let c(k) = -8434*k - 253042. Calculate c(-30).
-22
Let d(q) = 556*q + 40025. Calculate d(-72).
-7
Let o(k) = -7*k**3 + 111*k**2 + 121*k + 260. What is o(17)?
5
Let q(l) = l**3 + 42*l**2 + 2*l + 4040. Determine q(-44).
80
Let g(k) = -2*k**3 + 64*k**2 - 702*k + 22472. Give g(32).
8
Let f(y) = -41*y**3 + 4261*y**2 + 309*y + 317. Give f(104).
5
Let o(q) = -1488*q**2 - 46124*q + 142. Calculate o(-31).
18
Let l(q) = q**3 + 132*q**2 + 1332*q + 72. Give l(-121).
-49
Let x(m) = 3*m**3 + 28*m**2 + 71*m + 41. Calculate x(-7).
-113
Let p(o) = -3818*o + 4038. Give p(1).
220
Let y(q) = 516*q + 9559. Give y(-19).
-245
Let x(u) = -16370*u - 2586461. What is x(-158)?
-1
Let b(h) = -8*h**3 + 14*h**2 + 74*h - 13. Calculate b(6).
-793
Let g(o) = 310*o**3 - 16*o**2 - 95*o - 134. Calculate g(-2).
-2488
Let v(p) = 660*p**2 + 191431*p + 8997. Give v(-290).
7
Let z(a) = -13*a**2 + 11103*a + 146520. Calculate z(-13).
-16
Let z(x) = -x**3 - 63*x**2 + 5808*x - 725. Give z(-114).
-41
Let y(h) = 15*h**2 + 940*h + 238. Give y(-61).
-1287
Let m(l) = l**2 - 2523959*l - 17667757. What is m(-7)?
5
Let p(v) = 38*v**2 - 999*v - 5916. Calculate p(-5).
29
Let i(d) = -3129*d - 1016915. What is i(-325)?
10
Let h(n) = -6*n**2 - 529*n - 9896. Determine h(-39).
1609
Let g(s) = -s**3 + 23*s**2 - 39*s + 715. Give g(21).
778
Let c(s) = s**2 - 188*s - 57152. Calculate c(-160).
-1472
Let x(p) = 5332*p - 1604930. What is x(301)?
2
Let y(i) = -i**3 + 189*i**2 + 2204*i - 524. Give y(200).
276
Let y(h) = 10*h**2 - 2836*h + 19867. Give y(7).
505
Let i(n) = -2*n**2 - 131*n - 1246. What is i(-55)?
-91
Let f(b) = -41*b**2 + 1010*b - 644. What is f(24)?
-20
Let x(q) = 22*q**2 - 1010*q - 9991. Calculate x(-10).
2309
Let m(b) = -1979*b**3 - 2*b**2 + 472*b - 470. Calculate m(1).
-1979
Let u(o) = 97*o**2 + 2321*o - 144. Calculate u(-24).
24
Let b(a) = 561*a**2 - 15164*a + 523. What is b(27)?
64
Let c(h) = 405*h + 3514. Determine c(-6).
1084
Let r(v) = -v**2 - 401*v - 18766. Calculate r(-54).
-28
Let v(o) = 5*o**3 - 41*o**2 + 13*o + 4. Determine v(8).
44
Let r(w) = 20696*w - 600446. Give r(29).
-262
Let n(l) = -728*l + 6541. Give n(9).
-11
Let z(l) = -7*l**3 - 9*l**2 + 4*l + 55. Calculate z(-7).
1987
Let k(a) = 147760*a - 2364183. Determine k(16).
-23
Let w(d) = -209000*d - 7314983. Calculate w(-35).
17
Let u(c) = 217064*c - 2170636. Give u(10).
4
Let h(z) = -24*z**3 - 48*z**2 + 7*z + 4. Determine h(-2).
-10
Let b(o) = 109*o**2 + 673*o + 4. What is b(-5)?
-636
Let b(f) = f**2 + 111*f + 4512. Determine b(-65).
1522
Let z(l) = l**3 - 21*l**2 + 39*l - 49. Determine z(10).
-759
Let z(b) = 767512*b + 80588763. What is z(-105)?
3
Let i(l) = -15305*l + 15345. Give i(1).
40
Let o(m) = 227*m + 9218. Give o(-58).
-3948
Let r(s) = -503*s - 4640. What is r(-10)?
390
Let p(z) = 2*z**2 - 85*z + 247. Calculate p(0).
247
Let a(c) = -6433*c - 1698307. What is a(-264)?
5
Let a(y) = -21*y**2 + 1157*y - 2318. Determine a(2).
-88
Let j(m) = -17*m**2 - 234*m - 131. Determine j(-13).
38
Let h(k) = -77502*k + 1472526. Give h(19).
-12
Let i(j) = 15317*j + 30661. Determine i(-2).
27
Let p(y) = 22*y**3 + 2*y**2 + 184*y + 191. Calculate p(-1).
-13
Let o(l) = 591*l - 177849. Calculate o(301).
42
Let i(f) = -769*f**2 + 138*f + 138. What is i(-1)?
-769
Let l(d) = -284*d**2 + 716*d - 717. Determine l(1).
-285
Let z(b) = -2*b**2 + 119*b + 2234. Calculate z(71).
601
Let o(f) = -98650*f - 887842. Calculate o(-9).
8
Let n(j) = -j**3 + 13*j**2 + 34*j + 218. Calculate n(16).
-6
Let m(f) = -f**3 - 215*f**2 + 6699*f + 1479363. Calculate m(-214).
-19
Let f(h) = -h**2 + 758*h + 26852. Calculate f(-33).
749
Let m(w) = -4*w**3 + 61*w**2 + 1600*w - 42. Give m(29).
103
Let i(x) = -4*x**2 - 96*x - 466. Give i(-22).
-290
Let n(y) = -39549*y**2 + 514135*y + 27. Calculate n(13).
1
Let t(u) = u**2 + 343*u - 3918. What is t(11)?
-24
Let g(s) = -120*s + 1679. Give g(14).
-1
Let h(r) = 142*r**2 - 925*r - 23. Give h(7).
460
Let t(a) = -a**3 - 39*a**2 - 3758*a - 163447. Calculate t(-42).
-319
Let o(u) = 8*u**2 + 147*u - 816. What is o(7)?
605
Let q(p) = 3*p**3 + 102*p**2 + 423*p - 8110. Calculate q(-22).
8
Let o(t) = -9*t**2 + 10688*t - 257008. Calculate o(1163).
15
Let c(u) = -2*u**2 - 775*u + 3816. Give c(5).
-109
Let d(t) = -34733*t**2 - 521011*t - 251. What is d(-15)?
-11
Let a(l) = -27*l**2 + 440*l + 887. Determine a(-2).
-101
Let v(c) = -135*c + 2081. What is v(24)?
-1159
Let z(f) = -267*f**2 - 24584*f - 242. Calculate z(-92).
1598
Let d(k) = 53*k**3 - 148137*k**2 + 5571*k + 53115. Determine d(2795).
10
Let g(n) = -2*n**2 - 557153*n + 2785829. What is g(5)?
14
Let d(h) = -10785*h - 1024552. Determine d(-95).
23
Let p(c) = c**2 + 657*c - 92329. Give p(-776).
15
Let c(b) = -73*b**2 + 702*b + 702. Calculate c(-1).
-73
Let i(r) = -651*r - 4563. Determine i(-7).
-6
Let p(d) = d**3 - 12*d**2 + 110*d - 1709. Give p(14).
223
Let a(s) = s**3 - 7115*s - 21346. Determine a(-3).
-28
Let b(v) = v**3 - 160*v**2 + 35*v - 5579. What is b(160)?
21
Let x(m) = -3*m**3 - 543*m**2 - 660*m - 21609. What is x(-180)?
-9
Let x(p) = -11*p**2 - 599*p - 1215. Calculate x(-2).
-61
Let k(y) = -13538*y - 257167. Give k(-19).
55
Let p(z) = -z**2 + 140*z - 1132. What is p(131)?
47
Let g(k) = -29*k**3 - 2*k**2 - 8*k - 16. Give g(-2).
224
Let t(z) = -2*z**3 + 59*z**2 + 3699*z - 88653. Give t(22).
-15
Let a(s) = 12866*s + 51462. What is a(-4)?
-2
Let o(x) = -2394*x**3 + 5*x**2 - 45*x + 40. What is o(1)?
-2394
Let v(h) = h**2 + 679*h - 341. Calculate v(0).
-341
Let v(s) = -s**3 + 8*s**2 - 153*s - 812. Give v(-4).
-8
Let f(v) = -v**2 + 994*v - 20692. What is f(21)?
-259
Let s(z) = z**3 - 133*z**2 - 167*z + 4486. Give s(134).
64
Let h(n) = 9*n**3 - 53*n + 273. Give h(5).
1133
Let d(n) = 2818*n + 1526. Give d(-1).
-1292
Let p(o) = -238*o**3 - 240*o**2 + 2*o + 5. Determine p(-1).
1
Let x(g) = -3833*g - 72347. What is x(-19)?
480
Let a(i) = -10*i**2 - 901*i - 6275. Give a(-7).
-458
Let o(u) = -2*u**2 + 2100*u - 18839. Calculate o(9).
-101
Let p(l) = 2*l**3 + 19*l**2 - 2251*l - 18064. Give p(-8).
136
Let y(f) = -4*f**2 + 142*f + 646. Determine y(39).
100
Let j(b) = 5*b**2 + 333*b - 1370. Calculate j(4).
42
Let v(l) = -l**3 + 19*l**2 + 26*l - 44. Determine v(13).
1308
Let v(g) = -498*g - 97070. What is v(-195)?
40
Let b(z) = 84*z**3 - 10*z**2 - 34*z - 8. Calculate b(-2).
-652
Let q(g) = 2*g**3 - 616*g**2 - 4*g + 1265. Calculate q(308).
33
Let m(a) = 8*a**3 - 90*a**2 + 8*a + 94. Give m(11).
-60
Let t(j) = 236856*j - 236848. Give t(1).
8
Let g(o) = 107